 - 123. Determine v(7).
52
Let j(p) = p**2 + 31*p - 67. Calculate j(-33).
-1
Let z(d) = d**3 + 29*d**2 + 3*d + 107. What is z(-29)?
20
Let m(c) = c**3 - 27*c**2 - 20*c - 219. Calculate m(28).
5
Let x(l) = -6*l**2 - 19*l + 10. Give x(2).
-52
Let p(q) = 200*q + 15611. Give p(-78).
11
Let l(m) = -m**3 - 8*m**2 - 14*m + 1. Determine l(-2).
5
Let i(p) = -p**2 - 65*p - 860. What is i(-45)?
40
Let r(t) = t**2 - 33*t + 204. What is r(24)?
-12
Let q(n) = n**3 + 9*n**2 - 17*n - 85. Determine q(-4).
63
Let j(p) = -5*p**2 - 26*p + 168. What is j(-12)?
-240
Let k(n) = n**2 - 32*n + 65. What is k(30)?
5
Let s(j) = 100*j**2 + 52*j - 111. Give s(2).
393
Let f(p) = -p**3 + 20*p**2 - 83*p + 16. Determine f(6).
22
Let r(s) = -8*s - 55. What is r(-31)?
193
Let t(o) = -127*o - 680. Give t(-5).
-45
Let j(t) = -4*t + 250. Determine j(54).
34
Let l(k) = 24*k**3 + 2*k**2 - 3*k + 2. What is l(1)?
25
Let m(p) = -2*p**3 - 14*p**2 + 8*p - 54. Determine m(-8).
10
Let w(x) = x**2 - 119*x + 1481. What is w(13)?
103
Let g(p) = 13*p**2 - 322*p + 19. What is g(22)?
-773
Let n(m) = -2*m**3 - m**2 - 45*m + 34. What is n(0)?
34
Let t(l) = 4*l**2 - 75*l - 45. Determine t(21).
144
Let g(u) = 15*u - 303. Determine g(27).
102
Let i(w) = 5*w**2 - 17*w - 93. What is i(5)?
-53
Let b(v) = -17*v**3 - 8*v**2 + 7*v + 4. Give b(-2).
94
Let l(t) = -t**3 + 27*t**2 - 30*t + 115. Determine l(26).
11
Let o(d) = d**2 + 32*d + 144. What is o(-25)?
-31
Let w(y) = -9278*y + 2. Determine w(0).
2
Let m(n) = n**3 + 28*n**2 - 177*n - 360. What is m(-33)?
36
Let c(u) = -19*u**2 + 5116*u - 1378. Give c(269).
-33
Let a(r) = -136*r + 6796. What is a(50)?
-4
Let w(c) = -5*c**2 - 439*c - 8675. Give w(-30).
-5
Let c(i) = 4*i + 141. Calculate c(-21).
57
Let b(h) = 62*h + 123. Give b(-2).
-1
Let w(k) = 97*k + 192. Calculate w(-2).
-2
Let g(m) = 1515*m - 42415. What is g(28)?
5
Let t(r) = 4*r**2 - 72*r - 265. What is t(-3)?
-13
Let c(f) = -f**3 + 11*f**2 + 7*f + 62. Calculate c(12).
2
Let k(r) = 4*r**3 + 212*r**2 + 4*r + 283. Calculate k(-53).
71
Let i(y) = -y**2 - 26*y + 12. Determine i(0).
12
Let v(f) = -4*f**2 - 3*f + 26. Determine v(-9).
-271
Let a(q) = 41*q - 81. Determine a(5).
124
Let j(p) = 3*p**2 + 72*p + 325. What is j(-9)?
-80
Let h(n) = -n**3 - 12*n**2 - 36*n - 123. What is h(-10)?
37
Let d(n) = -n**3 + 28*n**2 + 55*n + 80. Calculate d(30).
-70
Let s(o) = -2*o**3 - 152*o**2 + 155*o + 40. Give s(-77).
-37
Let c(k) = -k**3 + 69*k**2 - 849*k + 604. Give c(15).
19
Let i(v) = 8*v + 16. Give i(-8).
-48
Let f(m) = 2*m**2 + 89*m - 248. What is f(-47)?
-13
Let n(r) = -r**3 - 15*r**2 + 69*r - 595. Give n(-20).
25
Let r(z) = z**2 - 6542*z + 19. What is r(0)?
19
Let n(x) = -159*x**2 - 28*x - 22. What is n(-1)?
-153
Let t(q) = 1538*q - 64589. Determine t(42).
7
Let x(v) = v**3 - 197*v**2 - 203*v + 986. What is x(198)?
-4
Let k(z) = z + 16. Calculate k(1).
17
Let j(t) = -162*t**3 - t. What is j(-1)?
163
Let j(z) = -4*z**3 - 28*z**2 - 38*z - 82. What is j(-6)?
2
Let f(s) = 2*s**2 + 66*s + 337. Calculate f(-27).
13
Let g(a) = 30*a - 319. Calculate g(5).
-169
Let a(z) = -15*z - 395. What is a(-26)?
-5
Let j(l) = l**3 - 35*l**2 + 42*l - 411. What is j(34)?
-139
Let b(v) = -v**3 - 31*v**2 + 143*v - 47. Calculate b(-35).
-152
Let f(g) = -12*g**3 + 6*g**2 + 17*g - 15. Give f(4).
-619
Let g(b) = -158*b + 168. Give g(2).
-148
Let i(p) = -36*p**2 - 3420*p + 10. Calculate i(-95).
10
Let w(a) = -a**2 - 44*a + 128. Give w(-47).
-13
Let o(k) = k**3 + 27*k**2 + 58*k + 719. What is o(-26)?
-113
Let u(q) = -7*q**2 + 1010*q + 753. What is u(145)?
28
Let x(m) = -3*m**3 + 6*m**2 - 8*m - 5. Calculate x(3).
-56
Let d(h) = -2*h**2 - 7*h - 37. What is d(7)?
-184
Let x(n) = -n**3 - n**2 - 275*n - 1121. Give x(-4).
27
Let l(d) = d**2 + 49*d + 580. Calculate l(-28).
-8
Let l(u) = -u**3 + 14*u**2 + 60*u + 51. Give l(17).
204
Let m(p) = 404*p + 6468. Calculate m(-16).
4
Let q(w) = 149*w - 841. Calculate q(9).
500
Let b(h) = 159*h - 478. What is b(3)?
-1
Let l(g) = -2428*g - 7279. Calculate l(-3).
5
Let l(a) = 2*a**2 + 143*a - 1003. What is l(-78)?
11
Let d(k) = -2*k**3 + 68*k**2 - 69*k + 98. Give d(33).
-1
Let g(r) = -r**3 - 42*r**2 + 36*r - 286. Calculate g(-43).
15
Let f(o) = 51*o + 1580. Give f(-31).
-1
Let x(d) = -27*d + 43. What is x(0)?
43
Let a(l) = 12*l**2 + 34*l + 85. Determine a(-5).
215
Let w(y) = -305*y - 18. Give w(0).
-18
Let v(b) = -74*b**3 + 3*b**2 + 15*b + 13. Calculate v(-1).
75
Let c(f) = -f**3 + 31*f**2 - 233*f - 6. What is c(13)?
7
Let a(z) = -2*z**2 - 465*z - 2684. Calculate a(-6).
34
Let b(g) = g**3 + 86*g**2 + 88*g + 308. Calculate b(-85).
53
Let t(x) = -2028*x - 10137. Give t(-5).
3
Let l(d) = -16*d**2 - 428*d + 111. What is l(-27)?
3
Let f(g) = g**3 + 33*g**2 + 217*g - 12. Determine f(-9).
-21
Let l(n) = n**3 + 2*n**2 - n + 7. Give l(-3).
1
Let c(u) = -u**3 + 17*u**2 - 67*u + 193. Give c(5).
158
Let w(d) = -3*d**3 + 213*d**2 + 16. Calculate w(71).
16
Let g(y) = 284*y - 4553. Determine g(16).
-9
Let d(n) = -1645*n - 8231. Calculate d(-5).
-6
Let y(k) = -5*k**3 - k**2 + 10*k + 16. What is y(-3)?
112
Let i(n) = -n**3 - 16*n**2 + 227*n + 50. What is i(-25)?
0
Let b(n) = -n**2 + 11*n + 227. Calculate b(22).
-15
Let v(f) = 2*f**3 - 14*f**2 + 120*f - 846. Determine v(7).
-6
Let m(i) = i**2 + 1296*i - 1293. Calculate m(1).
4
Let b(y) = 2*y**3 - 3*y**2 + 11*y - 13. What is b(2)?
13
Let u(w) = w**2 + 38*w - 611. Determine u(-50).
-11
Let s(l) = 2*l**3 + 62*l**2 - 84*l + 4083. What is s(-34)?
3
Let m(a) = 3*a - 62. Determine m(-16).
-110
Let w(d) = -d**3 - 3*d**2 + 42*d - 8. Give w(-8).
-24
Let o(h) = -14*h + 18. Calculate o(2).
-10
Let i(c) = -2*c**2 + 107*c + 1336. Determine i(64).
-8
Let x(j) = 323*j + 648. Give x(-2).
2
Let l(h) = 1051*h + 49425. Determine l(-47).
28
Let j(n) = n**3 - 37*n**2 + 54*n + 96. Determine j(35).
-464
Let o(f) = 15*f**3 - 76*f**2 + 5*f - 16. Calculate o(5).
-16
Let q(p) = 4*p**3 - 32*p**2 - 34*p + 23. What is q(9)?
41
Let m(k) = -k**3 - 20*k**2 + 121*k - 90. Give m(-25).
10
Let q(v) = -110*v**3 + 4*v**2 - 3*v - 1. Give q(1).
-110
Let p(b) = -6*b**2 + 112*b + 1051. Calculate p(-7).
-27
Let g(z) = z**2 + 306*z + 22895. Calculate g(-176).
15
Let l(g) = g**3 - 106*g**2 - 128*g + 2247. Calculate l(107).
0
Let q(r) = r**2 + 551*r - 42783. Calculate q(69).
-3
Let u(a) = 191*a**3 - 3*a**2 - a + 3. Give u(1).
190
Let x(s) = 1658*s - 28192. Give x(17).
-6
Let u(j) = -1482*j + 10358. Calculate u(7).
-16
Let h(x) = -x**3 - 6*x**2 + 10*x - 33. Give h(-7).
-54
Let p(j) = -j**2 - 260*j - 3. Calculate p(0).
-3
Let g(l) = 20*l - 1075. What is g(17)?
-735
Let i(s) = -s**2 - 150*s - 2140. Calculate i(-134).
4
Let h(u) = 4*u**2 - 662*u - 29485. Determine h(202).
7
Let k(o) = -o**2 + 197*o - 2040. Give k(11).
6
Let j(h) = h**3 - 2*h**2 - 458*h + 2605. Determine j(6).
1
Let h(g) = -87*g + 922. Determine h(12).
-122
Let j(u) = 28*u**3 - 187*u**2 - 61*u - 15. Determine j(7).
-1
Let z(g) = -7*g**3 + 11*g**2 + 14*g - 11. Calculate z(3).
-59
Let b(m) = -m**3 + 66*m**2 + 763*m - 236. Give b(76).
-8
Let s(d) = -d**2 + 15*d + 3. Give s(0).
3
Let j(r) = 30*r + 504. Determine j(-22).
-156
Let y(w) = w**3 + 6*w**2 - 22*w + 81. Give y(-8).
129
Let y(v) = -v**3 + 13*v**2 - 54*v + 115. Determine y(7).
31
Let u(l) = -4*l**2 - 628*l - 625. Calculate u(-156).
-1
Let c(m) = -2*m**3 - 7*m**2 + 31*m. Determine c(-6).
-6
Let z(a) = -2*a**2 - 70*a - 218. Calculate z(-32).
-26
Let x(u) = 19*u + 246. What is x(-11)?
37
Let g(l) = -65*l**2 - 5528*l - 241. Determine g(-85).
14
Let x(t) = -t**3 + 16*t**2 - 41*t + 25. Give x(13).
-1
Let a(k) = -k**3 + 27*k**2 + 273*k - 6815. Determine a(28).
45
Let u(s) = 75*s + 3756. What is u(-50)?
6
Let m(a) = -a**2 + 5198*a + 109607. Determine m(-21).
8
Let l(x) = 2*x**3 + 7*x**2 + 25*x + 58. Determine l(-3).
-8
Let o(m) = 2*m**3 + 38*m**2 - 10*m - 215. What is o(-19)?
-25
Let l(a) = a**3 - 16*a**2 + 14*a + 315. Determine l(13).
-10
Let f(k) = -32*k + 229. Determine f(5).
69
Let h(k) = k**2 - 13*k - 124. Determine h(-8).
44
Let d(n) = 3*n**2 - 46*n + 147. Determine d(6).
-21
Let j(k) = 78*k - 3644. Calculate j(47).
22
Let k(h) = -5*h + 172. Determine k(11).
117
Let k(x) = -78*x + 7958. Determine k(102).
2
Let b(i) = i**3 - 6*i**2 + 6*i. Calculate b(2).
-4
Let w(g) = 137*g - 5729. What is w(42)?
25
Let v(w) =